*(0 - 2). Let k be (96/(-3))/(6/r). What is the greatest common divisor of b and k?
16
Suppose -5*p + 9 = -21. Suppose -p = -h + w, h + 0*h + 4 = -w. Suppose h = -u - 3*b, 0*u - u - 2*b = -3. What is the highest common divisor of u and 77?
11
Let x(q) = -2*q + 4. Let h(w) = 2*w - 8. Let s be h(9). Let g be (-4)/(-10) + (-44)/s. Let j be x(g). Calculate the greatest common divisor of j and 3.
3
Suppose -2*g + 4*j + 15 = 9*j, 5 = -5*j. Calculate the greatest common factor of g and 190.
10
Let o be (-32)/(-112) + (-93)/7. Let i(u) = u + 33. Let q be i(o). What is the greatest common factor of 140 and q?
20
Let z(v) = 8*v + 77. Let b be z(-8). Calculate the highest common factor of b and 13.
13
Suppose 0 = -6*y + 31 + 1841. What is the highest common factor of 208 and y?
104
Let m = 15 + -3. Let q(p) = p**2 + p - 31. Let v be q(5). Let y be v/3 + (-220)/(-12). What is the greatest common divisor of y and m?
6
Let z be 103/7 - 12/(-42). Let k(x) = -1 + 0 + 83*x**2 - 38*x**2 + x. Let r be k(1). Calculate the highest common factor of r and z.
15
Suppose 4*x + 4*d - 104 = 0, -3*d - 9 = -5*x + 121. Calculate the highest common factor of x and 91.
13
Let m(y) = 4*y + 13. Suppose -3*z + 22 = -2. Let h be m(z). Calculate the greatest common divisor of 18 and h.
9
Suppose -14*l = 846 - 4878. Calculate the greatest common factor of l and 24.
24
Suppose z = -3*f + 20, -4*z + 0*f + 4*f + 80 = 0. Suppose 0 = -6*d + 27*d - 1680. Calculate the greatest common divisor of z and d.
20
Let s = 16 + 4. Let z(m) = 2*m**3 + 27*m**2 - 20*m - 64. Let j be z(-14). What is the highest common divisor of j and s?
20
Let q be 33/7 - 4/(-14). Suppose -10*g + 16*g - 18 = 0. Suppose -q = g*p - 11. What is the highest common divisor of p and 2?
2
Let x be (-12*4/(-8))/2. Suppose -z = -2*b + 3*b - 37, 0 = x*b - 6. Let o = -24 + z. What is the highest common divisor of 88 and o?
11
Suppose -20*j - 680 = -15*j. Let a = j + 211. What is the greatest common divisor of a and 15?
15
Let s(m) = 5*m - 3. Let q be s(5). Let u = 163 - 97. What is the greatest common factor of q and u?
22
Let b be ((-12)/6)/(1*-1). Let n be ((-62 + -2)/(-2))/b. Calculate the greatest common divisor of 2 and n.
2
Suppose -792 = -3*q + 3*c, 1060 = 4*q + 28*c - 30*c. Calculate the highest common factor of q and 98.
14
Let y(v) = v**3 + 10*v**2 + 10*v - 38. Let h be y(-7). Calculate the greatest common factor of 741 and h.
39
Suppose 4*l - l - h - 17 = 0, -2*l - h + 3 = 0. Suppose -l = f - 94. Suppose -3*o + 0*o = -f. What is the greatest common factor of 10 and o?
10
Let i be 6/5 - 9984/(-80). What is the highest common factor of i and 234?
18
Let a be 16/(-40) + 1 + (-621)/(-15). What is the highest common factor of a and 12?
6
Let n be 2/(-4)*(-53 + -3). Let q be ((-24)/28)/((-8)/n). Suppose 8*m - 135 = q*m. Calculate the highest common divisor of m and 18.
9
Let a = -330 - -428. What is the greatest common divisor of a and 42?
14
Let w be (-2)/(4/6)*-31. Suppose 0 = p - 4*x + 27, 5*p = p + x - w. Let m = p - -59. What is the highest common divisor of m and 12?
12
Let t = 17 - 30. Let q be (24 + t)/(1 - 0). Calculate the highest common factor of 88 and q.
11
Suppose -3*s + 5*s = 3*v + 43, -85 = -4*s + 5*v. Let a be 10*2*2/10. Calculate the highest common factor of a and s.
4
Suppose 13 = l + 3*x, l + 2*x = 5*l - 10. Suppose -l*w = -16 - 48. Calculate the greatest common divisor of w and 48.
16
Let v = -1 + 118. Calculate the highest common factor of v and 52.
13
Suppose -c = -3*w + c + 50, -2*w + 60 = 4*c. Suppose 4*v - 48 = 72. Calculate the highest common factor of w and v.
10
Let h = 23 - 18. Let g(m) = m + 10. Let f be g(h). What is the highest common factor of f and 120?
15
Let f = -30 - -34. Let j be (f + 48/(-21))*7. What is the greatest common divisor of 6 and j?
6
Let y(w) = w**3 + 5*w**2 - w + 376. Let b be y(0). Calculate the highest common factor of b and 47.
47
Let q = -368 - -413. What is the highest common factor of q and 105?
15
Let j = 454 - 97. What is the highest common divisor of 17 and j?
17
Let x be (159 - -3)*44/6. Suppose 4*p + 2*p - x = 0. Let l(d) = 22*d**3 - d**2 + 1. Let g be l(1). What is the highest common divisor of p and g?
22
Suppose 3*v - 75 = 2*n, 4*v - 3*n + 245 = 346. Let m be (-5)/(-25) + 458/10. What is the highest common divisor of m and v?
23
Let h = -9 - -9. Let g = 4 - h. Let j be 63 - g/(-2) - 2. Calculate the highest common factor of j and 21.
21
Suppose -16 = 4*s - 88. Let v be (-4)/(16/(-380)) - 1. Suppose 2*c = 14 + v. What is the greatest common factor of c and s?
18
Let k(q) = 3*q**2 + 4*q + 1. Let n be k(-1). Suppose j = -m + 3, -3*j - 5*m + 7 = -n*j. Calculate the greatest common factor of 20 and j.
4
Let a be 16 - (-14 - -10)*(-2)/(-4). What is the highest common divisor of a and 288?
18
Let u = 492 - 423. Calculate the highest common factor of u and 23.
23
Let n be 39/(-6) + (-2)/4. Let p(r) = r**3 + 7*r**2 - 3*r - 10. Let g be p(n). Suppose t - g = 1. Calculate the greatest common divisor of 3 and t.
3
Suppose 0*z + 133 = 5*z + s, 3*z - 5*s = 63. What is the highest common factor of z and 1261?
13
Let o(y) = -3*y - 17. Let d be o(-7). Let x be 3/d - (-5661)/68. Calculate the highest common divisor of 21 and x.
21
Suppose -51 - 9 = -3*b. Let h = -62 + 36. Let d = 76 + h. Calculate the highest common factor of d and b.
10
Let v = -7 + 103. Let p(d) = -3*d - 5 + 6 + 4*d + 12*d**2. Let i be p(-1). Calculate the highest common divisor of i and v.
12
Let n(p) be the first derivative of p**4/4 + 4*p**3 + 11*p**2/2 + 15*p - 30. Let t = -1 + -10. Let m be n(t). Calculate the greatest common divisor of m and 6.
3
Let x be (2/9)/((-1)/12)*-24. What is the highest common divisor of x and 48?
16
Let o be -2*1*-3*(-7)/(-21). What is the greatest common factor of o and 3?
1
Let i be ((-1548)/645)/((9/(-260))/3). Calculate the greatest common factor of i and 130.
26
Let f = -357 - -607. Suppose 0 = -4*s - 286 + 2298. Let c = s - f. What is the highest common divisor of c and 23?
23
Suppose 55 = 2*h + 4*c + 13, -h - 5*c + 21 = 0. What is the highest common factor of h and 63?
21
Let n(s) be the third derivative of 23*s**5/60 - 5*s**4/24 + s**3 + 19*s**2. Let g be n(2). What is the greatest common divisor of 8 and g?
8
Let s = 257 - 251. Calculate the highest common divisor of s and 30.
6
Let p = -57 + 50. Let y be (p - (-6)/2)*-6. What is the greatest common divisor of 96 and y?
24
Suppose -2*l = g - l - 3, 0 = -5*g - l + 27. Let w be (108/g)/((-2)/(-5)). Suppose 21 + 51 = 4*m. Calculate the greatest common divisor of w and m.
9
Let d = 87 - 7. Suppose 0 = 8*v - 5*v - 360. What is the highest common divisor of d and v?
40
Let p = -163 + 188. What is the greatest common factor of p and 20?
5
Suppose 0*y - 20 = h - 5*y, -35 = -3*h - 4*y. Suppose -3*o = -h*o + 24. Calculate the greatest common factor of o and 12.
12
Suppose 5*r = 4*u - 42, 6*u + 4*r + 18 = 8*u. Calculate the highest common divisor of u and 689.
13
Let j be 4 - -2*(-3)/(-2). Let b(t) = t**2 - 5*t - 6. Let d be b(j). What is the highest common divisor of d and 72?
8
Let h be (1 + 1)/(9/45). Suppose -6 - 23 = -b. Suppose -b = -3*s - r + 3, -r = -2*s + 18. What is the highest common factor of s and h?
10
Let s be 99/(-4 + 7) + 3. Suppose f - 2 = -s. Let u = f - -64. Calculate the highest common factor of u and 6.
6
Suppose 5*x - 58 = 4*q, -2*x + 52 = -4*q - 0*x. Let n(h) = -9*h**2 + 4 + 5*h**2 + 5*h**2 + 9*h. Let z be n(q). What is the greatest common factor of 10 and z?
10
Suppose 119 = 3*m - 7. Suppose -5*g = -5*p - 250, g + 0*p = 3*p + m. Let q(x) = 27*x + 369. Let z be q(-13). Calculate the greatest common divisor of g and z.
18
Let p(d) = 8*d + 93. Let n be p(-9). What is the greatest common divisor of 28 and n?
7
Let g(v) = 2*v**2 + 29*v - 45. Let n be g(-16). Calculate the highest common divisor of n and 28.
1
Suppose 2*l - 228 = -h, 0*l = -4*h - l + 926. What is the greatest common factor of h and 8?
8
Suppose -5*h + 121 = 12*q - 205, 4*h + q = 235. Suppose 2*w = 3*s + 299, -s + 129 + 13 = w. Calculate the highest common factor of h and w.
29
Let k be -3 + (-56)/(-24) + 164/3. What is the greatest common factor of k and 36?
18
Suppose -9*v + 5*v - 508 = 0. Let z = v - -197. Calculate the greatest co